6.
1276
What is 20100102 (base 3) in base 5?
122003
7959 (base 11) to base 8
24346
Convert c8 (base 13) to base 11.
13a
What is 3032233 (base 4) in base 2?
11001110101111
-57 (base 8) to base 14
-35
Convert 26040 (base 7) to base 9.
10403
Convert -258 (base 15) to base 3.
-201202
10001001110 (base 2) to base 8
2116
What is 4401 (base 7) in base 2?
11000100001
-888a (base 11) to base 12
-6942
What is -5216 (base 9) in base 7?
-14100
162 (base 8) to base 4
1302
b6a1 (base 14) to base 5
2002001
1010000110 (base 2) to base 14
342
23b (base 14) to base 4
12331
Convert -37e (base 16) to base 11.
-743
Convert 38164 (base 11) to base 10.
54762
Convert 229 (base 16) to base 15.
26d
33710 (base 9) to base 6
251530
What is 33986 (base 10) in base 9?
51552
330202 (base 4) to base 3
12022111
Convert -236d (base 15) to base 6.
-54504
What is -91b1 (base 12) in base 11?
-10990
Convert 21022110 (base 3) to base 9.
7273
Convert 1306 (base 8) to base 9.
868
b79 (base 14) to base 5
33023
What is 1010011010010000 (base 2) in base 5?
2331030
-1341334 (base 5) to base 9
-42018
Convert -b25 (base 15) to base 7.
-10214
110250 (base 7) to base 14
7097
b0 (base 12) to base 5
1012
13313 (base 4) to base 15
238
242233 (base 5) to base 15
2a48
Convert 3a839 (base 11) to base 8.
161603
d8b (base 14) to base 12
1667
What is 927 (base 10) in base 3?
1021100
3031010 (base 4) to base 13
5c87
Convert 1133 (base 10) to base 2.
10001101101
What is -1a1a3 (base 12) in base 9?
-57456
What is -23123332 (base 4) in base 12?
-2313a
What is 10565 (base 9) in base 8?
15561
What is 199 (base 11) in base 6?
1021
-100 (base 14) to base 16
-c4
Convert -10120 (base 5) to base 14.
-352
What is 3b70 (base 16) in base 9?
22776
-a653 (base 13) to base 7
-124131
What is 613 (base 9) in base 5?
3443
-15a0 (base 12) to base 10
-2568
Convert -b (base 12) to base 8.
-13
What is 2230 (base 5) in base 2?
100111011
What is 2419 (base 12) in base 13?
1aca
What is -2430333 (base 5) in base 4?
-23022112
What is -ab45 (base 15) in base 12?
-19002
9092 (base 10) to base 8
21604
2304 (base 8) to base 14
632
-9503 (base 11) to base 10
-12587
1422 (base 6) to base 5
2444
-13053 (base 6) to base 11
-1538
What is -51770 (base 9) in base 16?
-8574
What is 10416 (base 8) in base 2?
1000100001110
198 (base 12) to base 4
10010
What is 426044 (base 7) in base 10?
74120
Convert -1504 (base 14) to base 5.
-104403
What is 2 (base 12) in base 10?
2
-1422431 (base 5) to base 15
-8c2b
Convert 2531 (base 7) to base 6.
4225
What is 97 (base 10) in base 8?
141
What is -716 (base 8) in base 3?
-122010
-5935 (base 14) to base 10
-15531
What is -6a96 (base 15) in base 2?
-101100001110001
What is 1100110000110011 (base 2) in base 12?
26303
Convert -11111110101 (base 2) to base 7.
-5640
433 (base 10) to base 3
121001
Convert -8b57 (base 12) to base 13.
-7075
Convert 10331 (base 12) to base 13.
9862
What is 2736 (base 10) in base 14?
dd6
What is -5474 (base 8) in base 9?
-3845
What is 3022010 (base 4) in base 6?
135512
What is -20221 (base 7) in base 2?
-1001100110011
-1131020 (base 4) to base 16
-1748
What is -95a (base 14) in base 6?
-12312
What is 20110 (base 5) in base 6?
5532
What is -29b4 (base 15) in base 13?
-40c0
Convert 2512 (base 10) to base 13.
11b3
Convert 221 (base 15) to base 13.
2b0
Convert 2433 (base 5) to base 16.
170
Convert -3414 (base 8) to base 12.
-1064
What is 14b6 (base 16) in base 2?
1010010110110
What is 2bc5 (base 13) in base 11?
4901
What is -4a2 (base 11) in base 14?
-308
What is -242245 (base 6) in base 4?
-11030111
What is -359 (base 13) in base 2?
-1001000101
-110000011101 (base 2) to base 10
-3101
Convert -10001111 (base 2) to base 16.
-8f
Convert -2241 (base 6) to base 5.
-4104
Convert -123503 (base 8) to base 10.
-42819
-12011210 (base 3) to base 2
-111010111110
Convert 13000122 (base 4) to base 13.
100a7
Convert -10001010 (base 2) to base 14.
-9c
Convert 7eb (base 15) to base 7.
5144
-4403 (base 5) to base 9
-740
291 (base 12) to base 7
1105
What is 774 (base 9) in base 10?
634
Convert -222114 (base 5) to base 7.
-31460
Convert -100430 (base 5) to base 7.
-12306
What is -11211 (base 3) in base 8?
-202
-3221 (base 5) to base 6
-2004
Convert 122311 (base 5) to base 12.
2882
5640 (base 7) to base 13
c09
-1012120 (base 3) to base 12
-613
Convert 1287 (base 9) to base 16.
3ca
What is 102022 (base 3) in base 14?
17b
What is 1122 (base 11) in base 16?
5c4
-1106 (base 7) to base 16
-18e
-2418 (base 15) to base 2
-1110111111001
300333 (base 6) to base 3
1012011210
Convert -10101100 (base 2) to base 10.
-172
Convert 8771 (base 11) to base 4.
2310311
What is 11001101011 (base 2) in base 11?
1264
1250 (base 9) to base 2
1110101000
Convert -102200 (base 3) to base 4.
-10323
What is 2002222120 (base 3) in base 11?
29235
Convert -157074 (base 8) to base 2.
-1101111000111100
-722 (base 9) to base 13
-362
Convert 2177 (base 8) to base 5.
14101
What is -36742 (base 8) in base 11?
-109a2
What is 111033 (base 4) in base 16?
54f
Convert 10030331 (base 4) to base 3.
212121112
What is -14502 (base 6) in base 2?
-100100100110
5124 (base 7) to base 15
7dc
Convert 2110 (base 3) to base 5.
231
394 (base 12) to base 15
264
454 (base 13) to base 12
521
What is 225 (base 6) in base 4?
1121
What is -42210 (base 5) in base 13?
-137a
-123101 (base 6) to base 8
-25455
What is 1322131 (base 4) in base 10?
7837
What is 13b (base 15) in base 13?
188
Convert 331213 (base 4) to base 5.
111233
Convert -d883 (base 15) to base 12.
-22606
102311 (base 5) to base 12
2000
1440300 (base 5) to base 13
10c87
What is 1274 (base 12) in base 13?
c5b
Convert 16ca (base 14) to base 5.
112343
Convert 1312 (base 6) to base 10.
332
-109aa (base 12) to base 13
-a11a
Convert 553a (base 11) to base 4.
1302013
What is -2601 (base 8) in base 10?
-1409
What is 869 (base 15) in base 9?
2540
What is 38f (base 16) in base 3?
1020202
Convert -1083 (base 10) to base 13.
-654
What is 8392 (base 10) in base 5?
232032
What is -286f (base 16) in base 14?
-3ab5
Convert -da51 (base 15) to base 9.
-70334
-1100010101 (base 2) to base 10
-789
Convert 1c9 (base 13) to base 9.
411
Convert -5263 (base 9) to base 3.
-12022010
What is 32 (base 9) in base 11?
27
Convert 1641 (base 10) to base 2.
11001101001
-19021 (base 11) to base 10
-26643
1 (base 7) to base 13
1
-1585 (base 12) to base 11
-1a08
What is 2cf (base 16) in base 10?
719
-3043 (base 6) to base 15
-300
What is -4c7 (base 13) in base 15?
-3ae
-22111 (base 3) to base 5
-1404
-25562 (base 7) to base 5
-204211
1226 (base 9) to base 4
32103
58 (base 10) to base 8
72
Convert -323 (base 8) to base 5.
-1321
161163 (base 8) to base 11
3a611
Convert -779 (base 13) to base 5.
-20113
What is 1529 (base 16) in base 11?
4085
What is 7cd7 (base 15) in base 4?
12132133
-1034 (base 6) to base 4
-3232
82 (base 14) to base 16
72
36 (base 13) to base 4
231
-be (base 16) to base 2
-10111110
What is -279 (base 15) in base 9?
-686
Convert 1676 (base 9) to base 16.
504
3045 (base 14) to base 8
20145
Convert 100100100011100 (base 2) to base 14.
6b6c
What is -12a30 (base 11) in base 9?
-27386
What is 3044 (base 5) in base 7?
1110
What is -a0 (base 15) in base 4?
-2112
What is 575f (base 16) in base 12?
10b3b
What is -11011100010111 (base 2) in base 8?
-33427
-4b9 (base 14) to base 10
-947
-13031133 (base 4) to base 15
-8b40
-11101 (base 3) to base 14
-86
Convert 13314 (base 15) to base 5.
3431234
What is 2bb (base 15) in base 11?
51a
What is a0 (base 13) in base 2?
10000010
Convert 12 (base 9) to base 14.
b
What is 459 (base 11) in base 15?
268
340443 (base 7) to base 10
60252
Convert 62324 (base 7) to base 2.
11101110011001
What is 97 (base 14) in base 6?
341
Convert -605 (base 8) to base 16.
-185
-11242 (base 6) to base 9
-2178
Convert -1232 (base 5) to base 16.
-c0
What is -14103 (base 8) in base 7?
-24052
What is -194d (base 14) in base 13?
-2111
What is 2210333 (base 4) in base 11?
7a2a
Convert 1b5 (base 14) to base 13.
214
221330 (base 5) to base 12
456b
What is 21210022 (base 3) in base 9?
7708
What is 980 (base 10) in base 8?
1724
Convert -2d6 (base 15) to base 10.
-651
What is 201 (base 3) in base 11?
18
115334 (base 6) to base 15
30a7
What is -234 (base 9) in base 16?
-c1
Convert 12322330 (base 4) to base 16.
6ebc
294 (base 